 units digit of p?
5
Let q(u) = -u**2 + 4*u + 2. Suppose -2*t = 3*t + 5, 21 = 4*w - t. Let p be q(w). What is the units digit of (-1)/(4/32)*p?
4
Let w(l) = -l + 10. Let u = 19 - -1. Suppose 0 = 3*x - 8*x + u. What is the units digit of w(x)?
6
Suppose 2*c = -2*c - 104. Let p(v) = -6*v + 5. Let b be p(-4). Let m = b + c. What is the units digit of m?
3
Suppose -d + 19 = 5*f, 3*f = -2*d + d + 13. Suppose 8*y = -3*x + f*y + 586, -y + 192 = x. What is the hundreds digit of x?
1
Let p = 1427 + -853. What is the tens digit of p?
7
Let b(i) = 3*i**3 + 6*i**2 - i - 8. Let n be b(6). Suppose 5*r - n = -2*p, -7*p = -2*r - 3*p + 340. What is the tens digit of r?
7
Suppose -6 - 1 = b. Let r(q) = q**2 - 7*q - 32. Let u be r(13). Let w = b + u. What is the units digit of w?
9
Suppose 3*k + 98 = j, -3*j + k + 322 = -k. What is the hundreds digit of j?
1
Let j(t) = 32*t - 2*t**2 - 15*t + 3*t**2 - 20*t - 5 + t**3. Let o be j(-4). Let p = 69 + o. What is the tens digit of p?
2
Suppose -1118 + 14 = -2*n + 4*c, n - 577 = -3*c. What is the units digit of n?
2
Let w(u) = 13*u**3 - 3*u**2 + 12*u + 4. Let a be w(3). What is the units digit of (a/16)/((-3)/(-36))?
3
Let i(z) = -66*z - 399. What is the units digit of i(-47)?
3
Let p(y) = -y - 4. Let a be p(-5). Suppose 0 = -k + 15 - a. What is the tens digit of k?
1
Suppose -i + 4*s = -8, 0 = -2*i - 3*s - 2 + 7. Suppose 5*n - 10 = -0*h - i*h, -h + 1 = 2*n. What is the units digit of h?
5
Let v(c) = -c**2 + 5*c - 1. Let m be v(2). Suppose 0 = 3*j - l + 2*l - 13, 5*j + 5*l = m. Suppose -j*h + 65 = -h. What is the units digit of h?
3
Suppose 9*f = 12*f - 9. Suppose -f*r - 269 = -0*b + 5*b, -r + 2 = 0. Let u = b + 99. What is the tens digit of u?
4
Let x = 124 + -88. Let n = x + -11. What is the tens digit of n?
2
What is the hundreds digit of (2/(36/(-26757)))/(6/(-8))?
9
Let i = -5 - -5. Suppose h - 2*h + 3 = 0. Suppose i = 2*b + 4*q - h*q - 23, 5*q - 24 = -3*b. What is the units digit of b?
3
Let n be 159/5 - (-145)/725. Let l be (-3 + 1)/((-4)/(-6)). Let y = n + l. What is the tens digit of y?
2
Suppose 4*c + v = 24, 0 = 3*c + 4*v - 5*v - 11. Suppose -4*g + c*s - 5 = 0, -3*s - 3 = -4*g + 2. Suppose g*j - 1 - 19 = 0. What is the units digit of j?
4
Suppose -8*q = 2261 - 10581. Suppose -3*b = 4*o - 595, -3*b + 8*b - 3*o = q. What is the hundreds digit of b?
2
Let x be 4/16*0/(-2). Suppose 2*q = -x*r + 3*r - 514, 3*r + 3*q = 519. What is the tens digit of r?
7
Suppose -4*d = 4*c - 36, -d + c = -6*d + 57. Suppose -2*t + 2*o - 112 = 4*o, 3*t - 3*o + 156 = 0. What is the units digit of (d/(-10))/(t/900)?
0
Suppose -2317 - 127 = -4*p. What is the units digit of p?
1
Let t(r) = 188*r. Let o be t(2). Let u = o - 141. Suppose 0*g - 5*g + u = 0. What is the units digit of g?
7
Suppose 3*x + 144 = -57. Let s = x - -46. What is the units digit of s/(-28)*(-32)/(-2)?
2
Suppose 0 = -5*a + 5, 0*a - 11 = i - a. Let b = 18 + i. Let v = 20 - b. What is the units digit of v?
2
Let r be (-6)/(-7)*(-42)/(-9). Suppose 0 = -x + 2*t + 4 + 2, r*x - 11 = -5*t. Suppose -5*q + 2*b = -30, 6 = x*q - 3*b - 25. What is the units digit of q?
4
Let i(q) be the third derivative of -q**6/120 - 7*q**5/60 - q**4/8 + 3*q**3/2 + 3*q**2. Let w be i(-6). Let c(z) = -7*z - 9. What is the units digit of c(w)?
4
Suppose -4*o - 183 - 189 = 0. What is the units digit of 2*-6*o/9?
4
Suppose 2*k + 2*q = 30, 12 = 3*k - 4*q - 33. What is the tens digit of (-5 + -6)*(k*-1)/3?
5
Suppose 4*g - 5*k = 2*g + 178, -2*k + 4 = 0. Let s = -181 - -243. Let f = g - s. What is the tens digit of f?
3
Suppose -j = -176 + 55. What is the tens digit of j?
2
Let s = -2933 + 6617. What is the units digit of s?
4
Let g = -147 + 155. Suppose g*u = 7*u + o + 30, -1 = o. What is the tens digit of u?
2
What is the hundreds digit of (1652/(-21))/((-20)/45)?
1
Suppose 3*a - 3*g = g + 27, -3*g = -3*a + 24. Suppose -j + 5*j - a*n = 72, -4*n = -j + 7. What is the units digit of j?
3
Let d be 1/(-3) - 1544/(-24). Suppose 0*j + 2*j - 22 = -3*p, -4*j + d = -4*p. What is the units digit of j?
4
Suppose -519*x + 503*x = -32352. What is the tens digit of x?
2
Let a be 2/6*(-12)/(-1). Let r be 2*a/(-16)*74. Let b = 62 + r. What is the tens digit of b?
2
Let w = -311 - 19. What is the tens digit of (-16)/28 - w/14?
2
Suppose -4*n = -m - 14, 5*m + 2*n + 1 - 41 = 0. What is the tens digit of (26/m)/((-3)/(-54))?
7
Let z(k) = 181*k**2 + 3*k + 1. Let p be z(-1). Let r = 394 - p. What is the units digit of r?
5
What is the units digit of (-14)/2 - (-1910)/10?
4
What is the units digit of 20/15*-3 + 14*11?
0
Let q be (3/(-6))/((-1)/30). Suppose 2*k = 5*m - 258 + 62, 0 = 5*k + q. What is the units digit of m?
8
Let u(h) = 12*h**2 + 9*h - 32. What is the hundreds digit of u(-7)?
4
Suppose 2*j = 65*q - 64*q - 64, 3*j - 3 = 0. What is the units digit of q?
6
Let c(s) = s**3 - 12*s**2 + 10*s + 14. Let l be c(11). Suppose -3*w = 2*w + 3*p - 215, -118 = -l*w - 4*p. What is the tens digit of w?
4
Suppose 4*u - 27 = 4*p + 1, -3*u - 5*p - 11 = 0. Suppose -n + 51 = w + u*n, w - 2*n = 21. Suppose w = 4*l - 21. What is the tens digit of l?
1
What is the units digit of 23/(416/83 + (-5 - 0))?
9
Suppose -48*x + 56809 + 51959 = 0. What is the hundreds digit of x?
2
Let k(i) = i**3 + 4*i**2 + 10*i + 21. Let f be k(-6). What is the hundreds digit of (f/5)/(2/(-20))?
2
Let w(p) = 3*p - 2. Let u be w(2). Suppose -u*l = -3*m + 207, 4*m + 2*l + 71 = 5*m. What is the units digit of m?
5
Suppose n + 103 = 1553. What is the units digit of n?
0
Suppose 96*s + c - 3921 = 93*s, 3*s - 5*c - 3903 = 0. What is the tens digit of s?
0
Let h(x) = -x**3 + 13*x**2 + x - 16. Let j be h(13). What is the units digit of ((-120)/3 + j)/(-1)?
3
Let g(m) = m**2 + 13*m - 11. Let f be g(-12). Let u = -202 + f. What is the tens digit of u/(-6) + 1/2?
3
Suppose 2*g - 4 = 2. What is the units digit of g?
3
Let r = 5 + 10. Let y = -12 + r. Suppose 22 = y*x - 11. What is the tens digit of x?
1
Let a be 98/21 + 1/3. What is the units digit of -4 + (a - 1) - -25?
5
Let k(c) = -c**3 + 5*c**2 - 2*c. Let j be k(4). Let n be (-3 + 1 - j)/1. What is the units digit of (-225)/n - 1/2?
2
Let l(o) = o**3 + 10*o**2. Let a be l(-10). Suppose -g + 5*g - 60 = a. What is the units digit of g?
5
Let i(m) = -11*m**3 + 1. Let t be i(-1). Suppose t = -2*c + c. What is the units digit of (c/6)/(-2 - 0)?
1
Let z(r) = -r**2 - 6*r - 9. Let t be z(-4). Let g(n) = 280*n**2 + 5*n + 6. What is the tens digit of g(t)?
8
Let a(h) = -5 - 3 - 6*h**2 - 5*h - 3*h + 2. Let l(k) = -7*k**2 - 7*k - 5. Let w(v) = 6*a(v) - 7*l(v). What is the tens digit of w(1)?
1
Suppose -3*m + 4 = -2*w, -2*m + 28 = m + 4*w. Let b = m + 6. What is the tens digit of b?
1
Suppose -k = 4*k - 3075. What is the units digit of k?
5
Let j be 146*(-2)/8*-2. Let g be (-255)/(-34)*(-10)/(-25). Suppose -5*z + 257 = g*u, 4*u = -4*z + 131 + j. What is the tens digit of z?
5
Let f(u) = -u**2 - 16*u - 26. Let z = -140 - -129. What is the units digit of f(z)?
9
Suppose -2*a + 0*a + 3 = -3*m, 0 = 3*a - 3*m - 3. Let i(c) = -2*c - 5*c**2 + c**3 + a*c**3 - 2*c**2 + 7 + 9*c. What is the tens digit of i(6)?
1
Let z be ((-12)/5 - -2) + 2016/40. Let k = 55 - z. What is the units digit of k?
5
Suppose -4*m + 2*z = -5390, m + 4*m - 6760 = -5*z. What is the tens digit of m?
4
Suppose t + t + 5*m = 219, 5*t + 3*m - 538 = 0. Let k = 163 - t. What is the tens digit of k?
5
Suppose -2*w - 1 = -3*p, -p - w = -3*w - 3. What is the tens digit of (-3 - p) + (-2 - 23*-5)?
1
Suppose -w + 2*j + 138 = 0, 0 = 11*w - 8*w - 4*j - 422. What is the units digit of w?
6
Suppose -4*i = -10*o + 5*o + 31, 0 = -5*i + 2*o - 26. What is the tens digit of 131 + i/16*0?
3
Suppose 0 = -0*w - 5*w + 5. What is the units digit of 13*w + 8 + -6?
5
Let a(c) = c**3 - 6*c**2 - 2*c + 12. Let y be a(6). Suppose y = 9*z - 4*z - 200. What is the tens digit of z?
4
Let k(l) = -6*l**2 + 1075. What is the units digit of k(0)?
5
Suppose -4*y - 6786 = -3*k, 2*k + y = 5*k - 6795. What is the thousands digit of k?
2
Let a(h) = 7*h**2 + 32*h + 41. Let n(q) = 3*q**2 + 16*q + 20. Let d(w) = 2*a(w) - 5*n(w). What is the tens digit of d(-14)?
1
Suppose 10*s = 11*s - 6. What is the tens digit of 6/18 - (-874)/s?
4
Suppose 0 = 2*m - 4*m - 4*h + 3032, 3*m + 2*h - 4544 = 0. What is the uni